{"id":2207,"date":"2018-06-20T08:16:03","date_gmt":"2018-06-20T08:16:03","guid":{"rendered":"https:\/\/www.taptoebrussels.com\/?page_id=2207"},"modified":"2018-06-20T08:35:22","modified_gmt":"2018-06-20T08:35:22","slug":"de-koninklijke-muziekkapel-van-de-lokale-politie-antwerpen","status":"publish","type":"page","link":"https:\/\/www.taptoebrussels.com\/fr\/de-koninklijke-muziekkapel-van-de-lokale-politie-antwerpen\/","title":{"rendered":"La Chapelle Musicale Royale de la Police Locale d\u2019Anvers"},"content":{"rendered":"<p><img loading=\"lazy\" decoding=\"async\" class=\"alignnone wp-image-2208\" src=\"https:\/\/www.taptoebrussels.com\/wp-content\/uploads\/2018\/06\/Foto-Grote-Markt-300x225.jpg\" alt=\"\" width=\"380\" height=\"285\" srcset=\"https:\/\/www.taptoebrussels.com\/wp-content\/uploads\/2018\/06\/Foto-Grote-Markt-300x225.jpg 300w, https:\/\/www.taptoebrussels.com\/wp-content\/uploads\/2018\/06\/Foto-Grote-Markt-768x576.jpg 768w, https:\/\/www.taptoebrussels.com\/wp-content\/uploads\/2018\/06\/Foto-Grote-Markt-1024x768.jpg 1024w, https:\/\/www.taptoebrussels.com\/wp-content\/uploads\/2018\/06\/Foto-Grote-Markt.jpg 2048w\" sizes=\"auto, (max-width: 380px) 100vw, 380px\" \/><\/p>\n<p>La Chapelle Musicale Royale de la Police Locale d\u2019Anvers a \u00e9t\u00e9 fond\u00e9e en 1901 et f\u00eate cette ann\u00e9e ses 117 ans.<\/p>\n<p>Cest gr\u00e2ce aux efforts et discipline que les musiciens de la Chapelle Musicale Royale de la Police Locale d\u2019Anvers sont une soci\u00e9t\u00e9 musicale \u2018allround\u2019, qui joue aussi\u00a0 bien dans des salles qu\u2019en plein air et que nous pouvons les consid\u00e9rer comme un ambassadeur de la police et de la Ville d\u2019Anvers en particulier.<\/p>\n<p>&nbsp;<\/p>","protected":false},"excerpt":{"rendered":"<p>La Chapelle Musicale Royale de la Police Locale d\u2019Anvers a \u00e9t\u00e9 fond\u00e9e en 1901 et f\u00eate cette ann\u00e9e ses 117 ans. Cest gr\u00e2ce aux efforts et discipline que les musiciens de la Chapelle Musicale Royale de la Police Locale d\u2019Anvers sont une soci\u00e9t\u00e9 musicale \u2018allround\u2019, qui joue aussi\u00a0 bien dans des salles qu\u2019en plein air [&hellip;]<\/p>\n","protected":false},"author":1,"featured_media":0,"parent":0,"menu_order":0,"comment_status":"closed","ping_status":"closed","template":"","meta":{"footnotes":""},"class_list":["post-2207","page","type-page","status-publish","hentry","post"],"yoast_head":"<!-- This site is optimized with the Yoast SEO plugin v23.9 - https:\/\/yoast.com\/wordpress\/plugins\/seo\/ -->\n<title>La Chapelle Musicale Royale de la Police Locale d\u2019Anvers &#8211;<\/title>\n<meta name=\"robots\" content=\"index, follow, max-snippet:-1, max-image-preview:large, max-video-preview:-1\" \/>\n<link rel=\"canonical\" href=\"https:\/\/www.taptoebrussels.com\/de-koninklijke-muziekkapel-van-de-lokale-politie-antwerpen\/\" \/>\n<meta property=\"og:locale\" content=\"fr_FR\" \/>\n<meta property=\"og:type\" content=\"article\" \/>\n<meta property=\"og:title\" content=\"[:nl]De Koninklijke Muziekkapel van de Lokale Politie Antwerpen[:fr]La Chapelle Musicale Royale de la Police Locale d\u2019Anvers[:] &#8211;\" \/>\n<meta property=\"og:description\" content=\"La Chapelle Musicale Royale de la Police Locale d\u2019Anvers a \u00e9t\u00e9 fond\u00e9e en 1901 et f\u00eate cette ann\u00e9e ses 117 ans. Cest gr\u00e2ce aux efforts et discipline que les musiciens de la Chapelle Musicale Royale de la Police Locale d\u2019Anvers sont une soci\u00e9t\u00e9 musicale \u2018allround\u2019, qui joue aussi\u00a0 bien dans des salles qu\u2019en plein air [&hellip;]\" \/>\n<meta property=\"og:url\" content=\"https:\/\/www.taptoebrussels.com\/de-koninklijke-muziekkapel-van-de-lokale-politie-antwerpen\/\" \/>\n<meta property=\"article:publisher\" content=\"https:\/\/www.facebook.com\/TaptoeBrussels\/\" \/>\n<meta property=\"article:modified_time\" content=\"2018-06-20T08:35:22+00:00\" \/>\n<meta property=\"og:image\" content=\"https:\/\/www.taptoebrussels.com\/wp-content\/uploads\/2018\/06\/Foto-Grote-Markt-300x225.jpg\" \/>\n<meta name=\"twitter:card\" content=\"summary_large_image\" \/>\n<meta name=\"twitter:label1\" content=\"Dur\u00e9e de lecture estim\u00e9e\" \/>\n\t<meta name=\"twitter:data1\" content=\"1 minute\" \/>\n<script type=\"application\/ld+json\" class=\"yoast-schema-graph\">{\"@context\":\"https:\/\/schema.org\",\"@graph\":[{\"@type\":\"WebPage\",\"@id\":\"https:\/\/www.taptoebrussels.com\/de-koninklijke-muziekkapel-van-de-lokale-politie-antwerpen\/\",\"url\":\"https:\/\/www.taptoebrussels.com\/de-koninklijke-muziekkapel-van-de-lokale-politie-antwerpen\/\",\"name\":\"[:nl]De Koninklijke Muziekkapel van de Lokale Politie Antwerpen[:fr]La Chapelle Musicale Royale de la Police Locale d\u2019Anvers[:] &#8211;\",\"isPartOf\":{\"@id\":\"https:\/\/www.taptoebrussels.com\/#website\"},\"primaryImageOfPage\":{\"@id\":\"https:\/\/www.taptoebrussels.com\/de-koninklijke-muziekkapel-van-de-lokale-politie-antwerpen\/#primaryimage\"},\"image\":{\"@id\":\"https:\/\/www.taptoebrussels.com\/de-koninklijke-muziekkapel-van-de-lokale-politie-antwerpen\/#primaryimage\"},\"thumbnailUrl\":\"https:\/\/www.taptoebrussels.com\/wp-content\/uploads\/2018\/06\/Foto-Grote-Markt-300x225.jpg\",\"datePublished\":\"2018-06-20T08:16:03+00:00\",\"dateModified\":\"2018-06-20T08:35:22+00:00\",\"breadcrumb\":{\"@id\":\"https:\/\/www.taptoebrussels.com\/de-koninklijke-muziekkapel-van-de-lokale-politie-antwerpen\/#breadcrumb\"},\"inLanguage\":\"fr-FR\",\"potentialAction\":[{\"@type\":\"ReadAction\",\"target\":[\"https:\/\/www.taptoebrussels.com\/de-koninklijke-muziekkapel-van-de-lokale-politie-antwerpen\/\"]}]},{\"@type\":\"ImageObject\",\"inLanguage\":\"fr-FR\",\"@id\":\"https:\/\/www.taptoebrussels.com\/de-koninklijke-muziekkapel-van-de-lokale-politie-antwerpen\/#primaryimage\",\"url\":\"https:\/\/www.taptoebrussels.com\/wp-content\/uploads\/2018\/06\/Foto-Grote-Markt-300x225.jpg\",\"contentUrl\":\"https:\/\/www.taptoebrussels.com\/wp-content\/uploads\/2018\/06\/Foto-Grote-Markt-300x225.jpg\"},{\"@type\":\"BreadcrumbList\",\"@id\":\"https:\/\/www.taptoebrussels.com\/de-koninklijke-muziekkapel-van-de-lokale-politie-antwerpen\/#breadcrumb\",\"itemListElement\":[{\"@type\":\"ListItem\",\"position\":1,\"name\":\"Home\",\"item\":\"https:\/\/www.taptoebrussels.com\/\"},{\"@type\":\"ListItem\",\"position\":2,\"name\":\"De Koninklijke Muziekkapel van de Lokale Politie Antwerpen\"}]},{\"@type\":\"WebSite\",\"@id\":\"https:\/\/www.taptoebrussels.com\/#website\",\"url\":\"https:\/\/www.taptoebrussels.com\/\",\"name\":\"\",\"description\":\"\",\"publisher\":{\"@id\":\"https:\/\/www.taptoebrussels.com\/#organization\"},\"potentialAction\":[{\"@type\":\"SearchAction\",\"target\":{\"@type\":\"EntryPoint\",\"urlTemplate\":\"https:\/\/www.taptoebrussels.com\/?s={search_term_string}\"},\"query-input\":{\"@type\":\"PropertyValueSpecification\",\"valueRequired\":true,\"valueName\":\"search_term_string\"}}],\"inLanguage\":\"fr-FR\"},{\"@type\":\"Organization\",\"@id\":\"https:\/\/www.taptoebrussels.com\/#organization\",\"name\":\"Taptoe Brussels\",\"url\":\"https:\/\/www.taptoebrussels.com\/\",\"logo\":{\"@type\":\"ImageObject\",\"inLanguage\":\"fr-FR\",\"@id\":\"https:\/\/www.taptoebrussels.com\/#\/schema\/logo\/image\/\",\"url\":\"https:\/\/www.taptoebrussels.com\/wp-content\/uploads\/2017\/10\/logo-Taptoe-Brussels-zonder-achtergrond.jpeg\",\"contentUrl\":\"https:\/\/www.taptoebrussels.com\/wp-content\/uploads\/2017\/10\/logo-Taptoe-Brussels-zonder-achtergrond.jpeg\",\"width\":567,\"height\":426,\"caption\":\"Taptoe Brussels\"},\"image\":{\"@id\":\"https:\/\/www.taptoebrussels.com\/#\/schema\/logo\/image\/\"},\"sameAs\":[\"https:\/\/www.facebook.com\/TaptoeBrussels\/\",\"https:\/\/www.youtube.com\/user\/muziekfederatie\"]}]}<\/script>\n<!-- \/ Yoast SEO plugin. -->","yoast_head_json":{"title":"[:nl]De Koninklijke Muziekkapel van de Lokale Politie Antwerpen[:fr]La Chapelle Musicale Royale de la Police Locale d\u2019Anvers[:] &#8211;","robots":{"index":"index","follow":"follow","max-snippet":"max-snippet:-1","max-image-preview":"max-image-preview:large","max-video-preview":"max-video-preview:-1"},"canonical":"https:\/\/www.taptoebrussels.com\/de-koninklijke-muziekkapel-van-de-lokale-politie-antwerpen\/","og_locale":"fr_FR","og_type":"article","og_title":"[:nl]De Koninklijke Muziekkapel van de Lokale Politie Antwerpen[:fr]La Chapelle Musicale Royale de la Police Locale d\u2019Anvers[:] &#8211;","og_description":"La Chapelle Musicale Royale de la Police Locale d\u2019Anvers a \u00e9t\u00e9 fond\u00e9e en 1901 et f\u00eate cette ann\u00e9e ses 117 ans. Cest gr\u00e2ce aux efforts et discipline que les musiciens de la Chapelle Musicale Royale de la Police Locale d\u2019Anvers sont une soci\u00e9t\u00e9 musicale \u2018allround\u2019, qui joue aussi\u00a0 bien dans des salles qu\u2019en plein air [&hellip;]","og_url":"https:\/\/www.taptoebrussels.com\/de-koninklijke-muziekkapel-van-de-lokale-politie-antwerpen\/","article_publisher":"https:\/\/www.facebook.com\/TaptoeBrussels\/","article_modified_time":"2018-06-20T08:35:22+00:00","og_image":[{"url":"https:\/\/www.taptoebrussels.com\/wp-content\/uploads\/2018\/06\/Foto-Grote-Markt-300x225.jpg"}],"twitter_card":"summary_large_image","twitter_misc":{"Dur\u00e9e de lecture estim\u00e9e":"1 minute"},"schema":{"@context":"https:\/\/schema.org","@graph":[{"@type":"WebPage","@id":"https:\/\/www.taptoebrussels.com\/de-koninklijke-muziekkapel-van-de-lokale-politie-antwerpen\/","url":"https:\/\/www.taptoebrussels.com\/de-koninklijke-muziekkapel-van-de-lokale-politie-antwerpen\/","name":"[:nl]De Koninklijke Muziekkapel van de Lokale Politie Antwerpen[:fr]La Chapelle Musicale Royale de la Police Locale d\u2019Anvers[:] &#8211;","isPartOf":{"@id":"https:\/\/www.taptoebrussels.com\/#website"},"primaryImageOfPage":{"@id":"https:\/\/www.taptoebrussels.com\/de-koninklijke-muziekkapel-van-de-lokale-politie-antwerpen\/#primaryimage"},"image":{"@id":"https:\/\/www.taptoebrussels.com\/de-koninklijke-muziekkapel-van-de-lokale-politie-antwerpen\/#primaryimage"},"thumbnailUrl":"https:\/\/www.taptoebrussels.com\/wp-content\/uploads\/2018\/06\/Foto-Grote-Markt-300x225.jpg","datePublished":"2018-06-20T08:16:03+00:00","dateModified":"2018-06-20T08:35:22+00:00","breadcrumb":{"@id":"https:\/\/www.taptoebrussels.com\/de-koninklijke-muziekkapel-van-de-lokale-politie-antwerpen\/#breadcrumb"},"inLanguage":"fr-FR","potentialAction":[{"@type":"ReadAction","target":["https:\/\/www.taptoebrussels.com\/de-koninklijke-muziekkapel-van-de-lokale-politie-antwerpen\/"]}]},{"@type":"ImageObject","inLanguage":"fr-FR","@id":"https:\/\/www.taptoebrussels.com\/de-koninklijke-muziekkapel-van-de-lokale-politie-antwerpen\/#primaryimage","url":"https:\/\/www.taptoebrussels.com\/wp-content\/uploads\/2018\/06\/Foto-Grote-Markt-300x225.jpg","contentUrl":"https:\/\/www.taptoebrussels.com\/wp-content\/uploads\/2018\/06\/Foto-Grote-Markt-300x225.jpg"},{"@type":"BreadcrumbList","@id":"https:\/\/www.taptoebrussels.com\/de-koninklijke-muziekkapel-van-de-lokale-politie-antwerpen\/#breadcrumb","itemListElement":[{"@type":"ListItem","position":1,"name":"Home","item":"https:\/\/www.taptoebrussels.com\/"},{"@type":"ListItem","position":2,"name":"De Koninklijke Muziekkapel van de Lokale Politie Antwerpen"}]},{"@type":"WebSite","@id":"https:\/\/www.taptoebrussels.com\/#website","url":"https:\/\/www.taptoebrussels.com\/","name":"","description":"","publisher":{"@id":"https:\/\/www.taptoebrussels.com\/#organization"},"potentialAction":[{"@type":"SearchAction","target":{"@type":"EntryPoint","urlTemplate":"https:\/\/www.taptoebrussels.com\/?s={search_term_string}"},"query-input":{"@type":"PropertyValueSpecification","valueRequired":true,"valueName":"search_term_string"}}],"inLanguage":"fr-FR"},{"@type":"Organization","@id":"https:\/\/www.taptoebrussels.com\/#organization","name":"Taptoe Brussels","url":"https:\/\/www.taptoebrussels.com\/","logo":{"@type":"ImageObject","inLanguage":"fr-FR","@id":"https:\/\/www.taptoebrussels.com\/#\/schema\/logo\/image\/","url":"https:\/\/www.taptoebrussels.com\/wp-content\/uploads\/2017\/10\/logo-Taptoe-Brussels-zonder-achtergrond.jpeg","contentUrl":"https:\/\/www.taptoebrussels.com\/wp-content\/uploads\/2017\/10\/logo-Taptoe-Brussels-zonder-achtergrond.jpeg","width":567,"height":426,"caption":"Taptoe Brussels"},"image":{"@id":"https:\/\/www.taptoebrussels.com\/#\/schema\/logo\/image\/"},"sameAs":["https:\/\/www.facebook.com\/TaptoeBrussels\/","https:\/\/www.youtube.com\/user\/muziekfederatie"]}]}},"jetpack_sharing_enabled":true,"_links":{"self":[{"href":"https:\/\/www.taptoebrussels.com\/fr\/wp-json\/wp\/v2\/pages\/2207","targetHints":{"allow":["GET"]}}],"collection":[{"href":"https:\/\/www.taptoebrussels.com\/fr\/wp-json\/wp\/v2\/pages"}],"about":[{"href":"https:\/\/www.taptoebrussels.com\/fr\/wp-json\/wp\/v2\/types\/page"}],"author":[{"embeddable":true,"href":"https:\/\/www.taptoebrussels.com\/fr\/wp-json\/wp\/v2\/users\/1"}],"replies":[{"embeddable":true,"href":"https:\/\/www.taptoebrussels.com\/fr\/wp-json\/wp\/v2\/comments?post=2207"}],"version-history":[{"count":2,"href":"https:\/\/www.taptoebrussels.com\/fr\/wp-json\/wp\/v2\/pages\/2207\/revisions"}],"predecessor-version":[{"id":2225,"href":"https:\/\/www.taptoebrussels.com\/fr\/wp-json\/wp\/v2\/pages\/2207\/revisions\/2225"}],"wp:attachment":[{"href":"https:\/\/www.taptoebrussels.com\/fr\/wp-json\/wp\/v2\/media?parent=2207"}],"curies":[{"name":"wp","href":"https:\/\/api.w.org\/{rel}","templated":true}]}}

<p><img loading="lazy" decoding="async" class="alignnone wp-image-2208" src="https://www.taptoebrussels.com/wp-content/uploads/2018/06/Foto-Grote-Markt-300x225.jpg" alt="" width="380" height="285" srcset="https://www.taptoebrussels.com/wp-content/uploads/2018/06/Foto-Grote-Markt-300x225.jpg 300w, https://www.taptoebrussels.com/wp-content/uploads/2018/06/Foto-Grote-Markt-768x576.jpg 768w, https://www.taptoebrussels.com/wp-content/uploads/2018/06/Foto-Grote-Markt-1024x768.jpg 1024w, https://www.taptoebrussels.com/wp-content/uploads/2018/06/Foto-Grote-Markt.jpg 2048w" sizes="auto, (max-width: 380px) 100vw, 380px" /></p>
<p>La Chapelle Musicale Royale de la Police Locale d’Anvers a été fondée en 1901 et fête cette année ses 117 ans.</p>
<p>Cest grâce aux efforts et discipline que les musiciens de la Chapelle Musicale Royale de la Police Locale d’Anvers sont une société musicale ‘allround’, qui joue aussi  bien dans des salles qu’en plein air et que nous pouvons les considérer comme un ambassadeur de la police et de la Ville d’Anvers en particulier.</p>
<p>&nbsp;</p>

<p>La Chapelle Musicale Royale de la Police Locale d’Anvers a été fondée en 1901 et fête cette année ses 117 ans. Cest grâce aux efforts et discipline que les musiciens de la Chapelle Musicale Royale de la Police Locale d’Anvers sont une société musicale ‘allround’, qui joue aussi  bien dans des salles qu’en plein air [&hellip;]</p>

<!-- This site is optimized with the Yoast SEO plugin v23.9 - https://yoast.com/wordpress/plugins/seo/ -->
<title>La Chapelle Musicale Royale de la Police Locale d’Anvers &#8211;</title>
<meta name="robots" content="index, follow, max-snippet:-1, max-image-preview:large, max-video-preview:-1" />
<link rel="canonical" href="https://www.taptoebrussels.com/de-koninklijke-muziekkapel-van-de-lokale-politie-antwerpen/" />
<meta property="og:locale" content="fr_FR" />
<meta property="og:type" content="article" />
<meta property="og:title" content="[:nl]De Koninklijke Muziekkapel van de Lokale Politie Antwerpen[:fr]La Chapelle Musicale Royale de la Police Locale d’Anvers[:] &#8211;" />
<meta property="og:description" content="La Chapelle Musicale Royale de la Police Locale d’Anvers a été fondée en 1901 et fête cette année ses 117 ans. Cest grâce aux efforts et discipline que les musiciens de la Chapelle Musicale Royale de la Police Locale d’Anvers sont une société musicale ‘allround’, qui joue aussi  bien dans des salles qu’en plein air [&hellip;]" />
<meta property="og:url" content="https://www.taptoebrussels.com/de-koninklijke-muziekkapel-van-de-lokale-politie-antwerpen/" />
<meta property="article:publisher" content="https://www.facebook.com/TaptoeBrussels/" />
<meta property="article:modified_time" content="2018-06-20T08:35:22+00:00" />
<meta property="og:image" content="https://www.taptoebrussels.com/wp-content/uploads/2018/06/Foto-Grote-Markt-300x225.jpg" />
<meta name="twitter:card" content="summary_large_image" />
<meta name="twitter:label1" content="Durée de lecture estimée" />
	<meta name="twitter:data1" content="1 minute" />
<script type="application/ld+json" class="yoast-schema-graph">{"@context":"https://schema.org","@graph":[{"@type":"WebPage","@id":"https://www.taptoebrussels.com/de-koninklijke-muziekkapel-van-de-lokale-politie-antwerpen/","url":"https://www.taptoebrussels.com/de-koninklijke-muziekkapel-van-de-lokale-politie-antwerpen/","name":"[:nl]De Koninklijke Muziekkapel van de Lokale Politie Antwerpen[:fr]La Chapelle Musicale Royale de la Police Locale d’Anvers[:] &#8211;","isPartOf":{"@id":"https://www.taptoebrussels.com/#website"},"primaryImageOfPage":{"@id":"https://www.taptoebrussels.com/de-koninklijke-muziekkapel-van-de-lokale-politie-antwerpen/#primaryimage"},"image":{"@id":"https://www.taptoebrussels.com/de-koninklijke-muziekkapel-van-de-lokale-politie-antwerpen/#primaryimage"},"thumbnailUrl":"https://www.taptoebrussels.com/wp-content/uploads/2018/06/Foto-Grote-Markt-300x225.jpg","datePublished":"2018-06-20T08:16:03+00:00","dateModified":"2018-06-20T08:35:22+00:00","breadcrumb":{"@id":"https://www.taptoebrussels.com/de-koninklijke-muziekkapel-van-de-lokale-politie-antwerpen/#breadcrumb"},"inLanguage":"fr-FR","potentialAction":[{"@type":"ReadAction","target":["https://www.taptoebrussels.com/de-koninklijke-muziekkapel-van-de-lokale-politie-antwerpen/"]}]},{"@type":"ImageObject","inLanguage":"fr-FR","@id":"https://www.taptoebrussels.com/de-koninklijke-muziekkapel-van-de-lokale-politie-antwerpen/#primaryimage","url":"https://www.taptoebrussels.com/wp-content/uploads/2018/06/Foto-Grote-Markt-300x225.jpg","contentUrl":"https://www.taptoebrussels.com/wp-content/uploads/2018/06/Foto-Grote-Markt-300x225.jpg"},{"@type":"BreadcrumbList","@id":"https://www.taptoebrussels.com/de-koninklijke-muziekkapel-van-de-lokale-politie-antwerpen/#breadcrumb","itemListElement":[{"@type":"ListItem","position":1,"name":"Home","item":"https://www.taptoebrussels.com/"},{"@type":"ListItem","position":2,"name":"De Koninklijke Muziekkapel van de Lokale Politie Antwerpen"}]},{"@type":"WebSite","@id":"https://www.taptoebrussels.com/#website","url":"https://www.taptoebrussels.com/","name":"","description":"","publisher":{"@id":"https://www.taptoebrussels.com/#organization"},"potentialAction":[{"@type":"SearchAction","target":{"@type":"EntryPoint","urlTemplate":"https://www.taptoebrussels.com/?s={search_term_string}"},"query-input":{"@type":"PropertyValueSpecification","valueRequired":true,"valueName":"search_term_string"}}],"inLanguage":"fr-FR"},{"@type":"Organization","@id":"https://www.taptoebrussels.com/#organization","name":"Taptoe Brussels","url":"https://www.taptoebrussels.com/","logo":{"@type":"ImageObject","inLanguage":"fr-FR","@id":"https://www.taptoebrussels.com/#/schema/logo/image/","url":"https://www.taptoebrussels.com/wp-content/uploads/2017/10/logo-Taptoe-Brussels-zonder-achtergrond.jpeg","contentUrl":"https://www.taptoebrussels.com/wp-content/uploads/2017/10/logo-Taptoe-Brussels-zonder-achtergrond.jpeg","width":567,"height":426,"caption":"Taptoe Brussels"},"image":{"@id":"https://www.taptoebrussels.com/#/schema/logo/image/"},"sameAs":["https://www.facebook.com/TaptoeBrussels/","https://www.youtube.com/user/muziekfederatie"]}]}</script>
<!-- / Yoast SEO plugin. -->

La Chapelle Musicale Royale de la Police Locale d’Anvers a été fondée en 1901 et fête cette année ses 117 ans. Cest grâce aux efforts et discipline que les musiciens de la Chapelle Musicale Royale de la Police Locale d’Anvers sont une société musicale ‘allround’, qui joue aussi  bien dans des salles qu’en plein air [&hellip;]
